f 1508 and 1438216?
52
Calculate the highest common factor of 1854117 and 3483.
1161
Calculate the highest common divisor of 4 and 1500511328.
4
Calculate the greatest common factor of 10 and 91544135.
5
What is the greatest common divisor of 262 and 381619899?
131
What is the greatest common factor of 438627 and 42?
21
Calculate the highest common divisor of 72 and 20149098.
6
What is the highest common divisor of 141812968 and 121?
121
What is the greatest common factor of 1638 and 356414968?
182
What is the greatest common factor of 54918 and 780378?
678
What is the greatest common factor of 10331805 and 165?
165
Calculate the greatest common divisor of 4611 and 33639.
3
Calculate the highest common factor of 2646182 and 9086.
154
What is the greatest common divisor of 224505 and 94791?
4989
Calculate the greatest common factor of 163 and 125496797.
163
Calculate the greatest common divisor of 770208 and 8701.
113
What is the greatest common factor of 1296 and 2999151?
9
Calculate the highest common factor of 4984086 and 46339.
311
What is the highest common divisor of 25662786 and 30?
6
Calculate the highest common divisor of 60280 and 16808.
88
Calculate the highest common factor of 142919 and 206227.
119
Calculate the highest common factor of 2105879 and 429938.
227
Calculate the greatest common factor of 2525537 and 2435097.
2261
What is the highest common factor of 251873128 and 17264?
8632
Calculate the greatest common divisor of 166305 and 8835.
15
Calculate the greatest common factor of 18 and 14933691.
9
Calculate the highest common divisor of 182981811 and 8692.
2173
What is the greatest common factor of 8295 and 2222745?
105
What is the greatest common factor of 198754248 and 504?
168
What is the greatest common factor of 1054 and 519994?
62
Calculate the greatest common factor of 61570648 and 225562.
7778
Calculate the greatest common factor of 53941332 and 12.
12
Calculate the highest common factor of 3417608 and 83.
83
Calculate the greatest common divisor of 2596 and 3357926.
1298
What is the greatest common factor of 344 and 295438810?
86
What is the greatest common divisor of 194396503 and 56?
7
Calculate the highest common factor of 109427076 and 69696.
4356
Calculate the highest common factor of 209 and 1347214.
209
Calculate the highest common factor of 4795320 and 4450.
890
Calculate the greatest common factor of 16 and 223107440.
16
What is the highest common factor of 25 and 37130675?
25
Calculate the highest common divisor of 94362528 and 1248.
1248
What is the highest common divisor of 830 and 78851660?
830
Calculate the highest common factor of 290 and 40370465.
145
Calculate the greatest common divisor of 96 and 26557674.
6
Calculate the greatest common factor of 2123623425 and 2425.
2425
What is the greatest common divisor of 423504 and 28764?
612
What is the highest common divisor of 470 and 3644590?
10
Calculate the highest common factor of 106957785 and 165.
165
Calculate the highest common factor of 217173344 and 1216.
608
Calculate the greatest common divisor of 2533 and 492048.
17
What is the greatest common divisor of 28115387 and 304921?
4177
What is the greatest common divisor of 16896 and 9151164?
132
Calculate the highest common factor of 318533352 and 6.
6
What is the greatest common factor of 50720 and 620128?
32
What is the highest common factor of 837 and 34578927?
27
What is the greatest common divisor of 7839528 and 697?
41
Calculate the highest common divisor of 44862402 and 39.
39
What is the greatest common factor of 120348620 and 4?
4
What is the highest common divisor of 578 and 1162324?
34
What is the highest common divisor of 57627 and 12141?
171
What is the highest common factor of 95251 and 57902?
221
What is the highest common factor of 11988788 and 207648?
2884
Calculate the greatest common factor of 320 and 59263680.
320
Calculate the greatest common divisor of 106966 and 10832.
1354
Calculate the greatest common factor of 3216 and 11447754.
402
What is the highest common factor of 903945945 and 42?
21
What is the greatest common factor of 1959 and 7282909?
653
What is the highest common divisor of 4977928 and 536?
8
Calculate the greatest common factor of 2232 and 118884.
12
Calculate the highest common factor of 2527393 and 44.
11
What is the highest common factor of 32561998 and 42?
14
What is the highest common divisor of 693 and 227008089?
693
Calculate the highest common divisor of 360 and 2175080.
40
What is the highest common factor of 196 and 831740?
28
What is the highest common factor of 907225 and 1125?
25
What is the greatest common divisor of 810 and 334526922?
162
Calculate the highest common factor of 47837882 and 6926.
6926
Calculate the highest common divisor of 258262 and 117983.
929
What is the highest common factor of 28 and 82356316?
28
Calculate the highest common factor of 16068186 and 30.
6
What is the greatest common factor of 196 and 85361283?
49
What is the greatest common divisor of 92130 and 2806230?
2490
Calculate the highest common factor of 34222955 and 68.
17
What is the highest common factor of 26 and 118989663?
13
Calculate the greatest common divisor of 594757683 and 117.
117
What is the greatest common divisor of 25925 and 446675?
425
Calculate the greatest common divisor of 11532 and 11743420.
3844
Calculate the greatest common divisor of 320 and 10884620.
20
What is the highest common divisor of 737953 and 3349?
17
Calculate the highest common factor of 48545399 and 1862.
133
Calculate the highest common divisor of 2144 and 14645061.
67
What is the highest common factor of 720 and 27212760?
360
What is the highest common factor of 62075 and 9482577?
2483
What is the greatest common divisor of 54910 and 158015?
85
What is the highest common factor of 7104 and 4787208?
888
What is the highest common divisor of 19435703 and 35?
7
What is the highest common divisor of 69312 and 38665?
19
Calculate the highest common divisor of 41737843 and 7.
7
What is the greatest common divisor of 69256348 and 56?
28
What is the greatest common divisor of 21743568 and 51728?
848
What is the greatest common factor of 25520 and 3807920?
80
What is the greatest common divisor of 432 and 22874964?
12
What is the greatest common divisor of 16463 and 96007?
163
What is the highest common factor of 14316 and 1330195?
1193
Calculate the greatest common divisor of 6096 and 677689272.
3048
Calculate the highest common divisor of 1734 and 150570.
6
Calculate the greatest common factor of 92624562 and 18.
18
Calculate the greatest common factor of 69461219 and 6394.
3197
What is the highest common factor of 8 and 36405288?
8
Calculate the greatest common divisor of 710431 and 339113.
113
Calculate the highest common factor of 20320 and 61149992.
1016
Calculate the highest common divisor of 150161 and 13041669.
1241
What is the greatest common factor of 4600 and 102325?
25
What is the highest common divisor of 20608364 and 560?
28
Calculate the greatest common divisor of 19297 and 59639.
23
What is the greatest common factor of 11106079 and 46?
23
Calculate the highest common divisor of 20112 and 5212.
4
Calculate the greatest common factor of 10263 and 59037.
33
Calculate the greatest common divisor of 1850655 and 720.
15
What is the highest common factor of 5588793 and 29925?
1197
Calculate the greatest common factor of 72 and 290984.
8
What is the highest common divisor of 11450 and 339550?
50
What is the greatest common factor of 889 and 262636381?
889
Calculate the greatest common divisor of 133394775 and 15.
15
What is the greatest common divisor of 231 and 23394?
21
Calculate the greatest common factor of 94836843 and 138.
69
What is the greatest common factor of 22155624 and 2448?
1224
Calculate the highest common divisor of 425596899 and 13524.
3381
What is the greatest common factor of 102 and 1712526?
6
What is the greatest common divisor of 94634545 and 11235?
535
What is the greatest common divisor of 313616 and 196384?
272
Calculate the highest common divisor of 62824839 and 253.
11
What is the highest common factor of 9312563 and 416?
13
Calculate the greatest common factor of 1332 and 10305660.
12
What is the highest common factor of 43322580 and 876?
876
